 of (4 - -18) + 4/2.
2, 3
Let l be -2*(-1 + (-1)/(-2)). Let o = 19 - l. List the prime factors of o.
2, 3
List the prime factors of 6/(-3)*105/(-6).
5, 7
Suppose 120 = i - 0*i. List the prime factors of i.
2, 3, 5
Suppose 2*h = 9 + 3. What are the prime factors of 18/4*32/h?
2, 3
Let q(v) = -v**3 + 10*v**2 - 14*v - 2. List the prime factors of q(6).
2, 29
Let y be (30/(-8))/(3/24). Let k = y + 16. Let m = 24 + k. What are the prime factors of m?
2, 5
Suppose -57 - 43 = -5*s. Suppose 12 + s = x. Let n = x + -22. List the prime factors of n.
2, 5
Let h(x) = -x**3 - x**2 - 3. Let q be h(-3). Suppose 2*u - q = -u. What are the prime factors of u?
5
Let t = -21 + 54. List the prime factors of t.
3, 11
Let d = 5 - 3. Suppose -d = -2*o + 6. What are the prime factors of o?
2
Suppose -f = 2*s - 608, -s - 1523 = -6*s - 4*f. List the prime factors of s.
3, 101
Let y = 56 - -8. Let g(o) = -o + 11. Let t be g(9). Suppose -4*h - t*x + y = 0, 4*x + 26 = 2*h + 2*x. What are the prime factors of h?
3, 5
Suppose 2*y = -4*p + 2*p + 28, 0 = -2*y - 2. What are the prime factors of p?
3, 5
Let m be -1 - ((-1 - 6) + 1). Suppose -m*x + 12 = -2*x. Suppose 0 = 5*f - 10, 5*w + x*f = 40 + 8. List the prime factors of w.
2
Let q(g) = -g**3 + 9*g**2 + 4*g + 19. List the prime factors of q(9).
5, 11
Suppose -2*f + 9 + 9 = 0. Suppose 4*i = -d + 3 + f, -22 = -3*d + 2*i. What are the prime factors of d?
2
Let u = 6 + -6. Suppose 0 = 3*q + 6, u*z = z - 2*q - 9. List the prime factors of z.
5
What are the prime factors of (-170)/(-60) + 1/6?
3
Suppose 3*w + 4 = 16. Suppose w*m = 40 + 48. Suppose 0 = 5*j + m - 62. What are the prime factors of j?
2
Let r = 1 - 1. Suppose -4*x - x + 20 = r. Suppose -5*p + x*p + 3 = 0. List the prime factors of p.
3
Let q(v) = 1 + 1 + 2 - v. Let f be q(6). What are the prime factors of 3 + -3 - (0 + f)?
2
Suppose -78 + 26 = -4*d. Let o = d + 0. List the prime factors of o.
13
List the prime factors of 26*(14/4 + -3).
13
Suppose -2*g - 4*k = 2*g - 4, 3*k = 4*g + 17. List the prime factors of 24/4*(4 + g).
2, 3
Let i = 36 - 16. List the prime factors of i.
2, 5
Let o(a) = a**3 + a**2 + a + 20. Let n be o(0). Let c = -11 + n. List the prime factors of c.
3
Let j = -13 - -18. Suppose j*s - 9*s = -84. What are the prime factors of s?
3, 7
Let h be (8/6)/(2/3). Let x(w) = w + 10. Let m be x(-9). Suppose -13 = -h*s + s + 5*t, -m = 3*s + 5*t. What are the prime factors of s?
3
Let q = 5 - 5. Suppose q = -4*s - 20, -5*s + 31 = -2*u + 4*u. What are the prime factors of u?
2, 7
Let n = 137 + -84. List the prime factors of n.
53
Let c = 95 + 167. What are the prime factors of c?
2, 131
Let q(r) = r**3 + 9*r**2 + 7*r - 6. Let o be q(-8). Let w be (4 + -4)/(1 - o). Suppose w*n + 25 = 5*n. What are the prime factors of n?
5
Let d(n) = n**2 + 2*n - 7. Let a be d(-6). Suppose -5 = -3*x - a. List the prime factors of (-46)/x - 4/8.
11
What are the prime factors of (3/(6/(-382)))/(-1)?
191
Let i(c) = 2*c**2 - 5*c + 5. Let r be i(4). Suppose 2*m - m - 3*v = r, 21 = m - 4*v. What are the prime factors of m?
5
Let l(o) = 6*o**2 + 1. What are the prime factors of l(2)?
5
Suppose 5*y - 10*y + 615 = 0. What are the prime factors of y?
3, 41
Let a = -50 + 83. What are the prime factors of a?
3, 11
Let a(y) = y**2 + 3*y + 2. What are the prime factors of a(6)?
2, 7
Suppose -p = -n - 3, 3*n - 4*p = -6*p - 4. Let y = 6 + n. Suppose 5*x + 12 = y*i + x, 4*x = -4*i + 20. List the prime factors of i.
2
Suppose -3*n - 3*m + 125 = -2*m, 4*n - 135 = 5*m. What are the prime factors of n?
2, 5
Suppose l = -2*s + 243, -4*s + 2*l = 6*l - 492. List the prime factors of s.
2, 3, 5
Suppose -4*r - z = -85, -3*r - 4*z = -0*z - 80. List the prime factors of r.
2, 5
Suppose 4 = -0*b + b. Suppose b*i = -0*i. Suppose i = 2*o - 15 - 5. List the prime factors of o.
2, 5
Let n = -35 - -20. Let c = n - -21. List the prime factors of c.
2, 3
Suppose -5 = -j - 4*j. Suppose 3 = 2*r - j. Suppose -b - r*b + 15 = 0. What are the prime factors of b?
5
Let n be 6/(-21) + 592/14. Suppose 0*s = -3*s - 2*i + 98, 0 = 2*i + 10. Suppose 3*v = -4*j - v + s, -v + n = 4*j. What are the prime factors of j?
11
Let n = 1 + 27. List the prime factors of n.
2, 7
Let k(i) = -i**2 + 3*i - 2. Let a be k(4). Let v be (1 + -14 + 1)/1. Let d = a - v. What are the prime factors of d?
2, 3
Suppose 2*d - 5*y + 4 = 0, 2*d - 2*y - 1 = 1. Let b(z) = -z**3 + 4*z**2 - 3*z + 4. Let q be b(d). What are the prime factors of (2/q)/((-5)/(-150))?
3, 5
What are the prime factors of -6*(-3)/(-6) + 40?
37
Let z(v) = 8*v. Let y be z(1). Suppose -5*u + y = -7. What are the prime factors of u?
3
Suppose 0 = 2*u - 4*x - 124, u - 6*u + x = -265. List the prime factors of u.
2, 13
List the prime factors of (1 - 1131/(-6)) + (-12)/(-8).
191
Suppose 6 = 2*j, r - 4*j + 57 = 4*r. Suppose 0 = 4*c - w + 5*w - 12, 0 = 5*c - 5*w - r. What are the prime factors of 8/(-3)*c/(-2)?
2
Let a be (-13 + -1)/((-11)/11). Suppose -2*h + a = -2*v, 3*h - 22 = 5*v - 7. What are the prime factors of h?
2, 5
Suppose 19 = 3*s - 2. Let g = s - 1. Let p(d) = d**2 - 5*d - 1. What are the prime factors of p(g)?
5
Let i be 1/(-2*1/(-6)). Let j = 5 + 1. Suppose -i*m - j = -5*m. What are the prime factors of m?
3
Suppose 4*y + 25 = g, 0 = 5*g - 4*y - 110 - 95. Suppose -3*n = -g + 15. What are the prime factors of n?
2, 5
Suppose 5*o - 106 = -16. Suppose o = 3*r - r. Suppose n - z + 4 = 17, n + 3*z = r. List the prime factors of n.
2, 3
Let z(q) = q + 17. List the prime factors of z(-15).
2
What are the prime factors of (-1 - 33/(-6))*4?
2, 3
Let i = -115 + 406. List the prime factors of i.
3, 97
Suppose -5*a - 2*t + 30 = -7*t, -3*a = -5*t - 18. Suppose -y + a*y = 105. List the prime factors of y.
3, 7
Suppose -2*k + 12 = -k. Suppose -b + 2*m = b - 22, -k = -b + 2*m. Let r = b + 5. What are the prime factors of r?
3, 5
Suppose -2*t = 5*q + 1, 2*t + 0*t - 23 = 3*q. Let h = 16 - t. List the prime factors of h.
3
Let p = 1 - -1. Suppose 42 = p*x + x. List the prime factors of x.
2, 7
Suppose 2*o + 5 = 5*l, -2*o + 6*o = 2*l + 14. Suppose -3*g - 4*m - 36 = -178, -231 = -o*g - m. List the prime factors of g.
2, 23
Let q = -20 - -23. List the prime factors of q.
3
Let l = 8 - 6. Suppose -z + 33 = 2*z. Suppose l*q - 17 = z. List the prime factors of q.
2, 7
Suppose -4*o = -3*g + 86 + 129, o = 2*g - 150. What are the prime factors of g?
7, 11
Let m = 50 - 90. What are the prime factors of 27/(-9) - m*1?
37
Suppose 7*x - 301 = -0*x. What are the prime factors of x?
43
Let x(r) = r**2 - 5*r - 10. Let t be x(7). Suppose t*j = -4*f + 16, -11 = -f - 3*f + j. Suppose f*d = 6 + 21. List the prime factors of d.
3
Let x(t) = -2*t**3 - 15*t**2 - 5*t - 28. List the prime factors of x(-8).
2, 19
Let l(b) = -b**2. Let w(h) = h**3 + h**2 - 5*h + 3. Let o(x) = -2*l(x) - w(x). Let z be o(3). Let v = 1 - z. What are the prime factors of v?
7
Let o(d) = 46*d - 5. What are the prime factors of o(2)?
3, 29
Let d be (-3 - -5) + -3 + 1. Suppose 3*j - 18 = -d*j. List the prime factors of j.
2, 3
What are the prime factors of (-8 - -2) + (-507)/(-3)?
163
Suppose 0 = -0*d - d. Suppose 2*z = -3*t - d*t - 79, 3*z = -4*t - 121. Let h = -33 - z. List the prime factors of h.
2, 7
Let l = 13 + -10. Suppose l*j - 7*j = -24. List the prime factors of j.
2, 3
Let y be (-1)/2*(1 - -81). Let r = 76 + y. Let g = -25 + r. What are the prime factors of g?
2, 5
Let a(l) = -17*l + 3. Let o be a(3). Suppose 0 = 5*z + 3*j + 93, 5*j = -3*z - 64 + 5. What are the prime factors of o/z*18/4?
2, 3
Let k(g) = g**2 - 9*g + 7. Let n be k(9). Let d = n + -2. Suppose -2*t + t = -d. List the prime factors of t.
5
Suppose -13*y + 8 = -9*y. What are the prime factors of y?
2
Let a be 2 + (-87)/(-6)*2. Suppose -5*z - a = -156. List the prime factors of z.
5
Let s(t) = t**3 - 3*t**2 + 3*t - 2. List the prime factors of s(4).
2, 13
Suppose 4*g = -16, 2*j = g + g + 150. What are the prime factors of j?
71
Let z = 37 - -206. What are the prime factors of z?
3
Let a = 55 - 33. List the prime factors of a.
2, 11
Suppose 2*k + 16 = 22. Suppose k*b + 90 = 5*b. What are the prime factors of b?
3, 5
Let b(i) = -21*i**3 - 5*i**2 + 2*i + 3. Let f(r) = r**3 + r**2 - 1. Let s(d) = -b(d) - 4*f(d). Let t be s(1). Let y = 29 - t. List the prime factors of y